 -4 = 16*k - 18*k. Let h(t) = -14*t - 10*t + 22*t + 2 + t**k. Determine h(2).
2
Let c(z) = 11*z - 77. Let w(y) = 39*y - 279. Let g(s) = -18*c(s) + 5*w(s). Let a(h) = -h. Let t be a(6). Give g(t).
9
Let q(k) = 10*k - 54. Let u be q(6). Let l(n) = -n**2 + 2*n - 5. Let w(j) = j**2 + 4. Let h(d) = u*w(d) + 5*l(d). What is h(-11)?
10
Let z = 9582 - 9577. Let p(f) = -2*f**2 + 10*f + 14. Calculate p(z).
14
Suppose 9 - 2 = o. Let l = o + -10. Let a(i) = -22*i - 279*i**2 + 44*i + 278*i**2 - 3 + 2 - 24*i. Determine a(l).
-4
Let b be (6 - 1)/((-7)/(-3) + -2). Let j = b + 29. Let q(l) = 47 - 3*l + j - 97. Calculate q(-5).
9
Let g be -2 - 2 - 0/1. Let b(c) be the second derivative of 1/2*c**3 - 233*c + 0 - 1/2*c**2. What is b(g)?
-13
Let n = 7 - -23. Let k be 3/(-2) - n/(-20). Let d(s) = -1 - 1 + k*s + 2*s. Give d(-5).
-12
Let b(k) = k + 4. Let o be b(-4). Let i be -8 - (-2)/8*o. Let l(x) = 3*x + 29*x**3 - 20*x**3 + 9 - 10*x**3 - 9*x**2 - 10*x. Give l(i).
1
Let n(z) = -z**3 + 4*z**2 - z - 2. Let h(q) = 17*q**3 - 68*q + 70*q + 0 - 1. Let s be h(1). Suppose m + 3*m + 28 = 4*i, 2*m + s = 3*i. Give n(i).
-6
Let c(o) = -o**2 - 4*o - 11. Let x = -3248 - -3248. What is c(x)?
-11
Let r(z) be the first derivative of -2*z**3/3 - 17*z**2/2 - 24*z - 725. What is r(-7)?
-3
Let x(p) be the second derivative of -p**5/20 - 13*p**4/12 + 3*p**3/2 - 21*p**2/2 + 35*p - 18. Give x(-14).
49
Suppose 0 = -93*f - 54*f - 7*f - 1848. Let c(b) = -2*b**3 - 26*b**2 - 24*b - 3. Determine c(f).
-3
Let i(q) = q + 1. Let p be (-2)/9 - 50/(-45)*83. Suppose -3*k + p = -43. Suppose 5*o + k = 15. Give i(o).
-5
Let n(x) = 13*x + 12. Let o(d) = -4*d - 11 + 6*d + 5*d - 1 - 17*d. Let g(v) = -3*n(v) - 4*o(v). Give g(-7).
5
Let n be (2 + -3)*5 - (1 - 616/22). Let a(z) = z**3 - 22*z**2 - z + 29. Give a(n).
7
Suppose m - 20 = 5*n, n - 4*m - 15 = -0*n. Let y be (-1104)/(-80) - 1/n. Suppose -4*h = -y + 34. Let d(o) = o**3 + 4*o**2 - 5*o - 3. Determine d(h).
-3
Let r(z) be the third derivative of 0*z**3 - 10*z**2 - 1/120*z**6 + 1/6*z**4 + 0*z + 0 - 1/15*z**5. Let m be r(-5). Let h(p) = -2*p + 7. Calculate h(m).
-3
Suppose -12*g = 9*g - 42. Let o(r) = -g*r**3 - r + 4*r**2 - 13 - 16 + 30 - r**2. Suppose 0 = u + l - 0*l + 1, -u = -4*l - 14. Determine o(u).
-5
Let s(b) = b**2 + 12*b - 24. Let x(f) = -111*f + 875. Let v be x(8). Determine s(v).
-11
Let w(h) = -h - 1. Let s(d) = -d**2 - 9*d + 17*d - 26*d + 4 - 1. Let n(v) = -s(v) + 6*w(v). Determine n(-13).
4
Let x(k) be the second derivative of k**5/20 + 7*k**4/12 - 5*k**3/3 + 5*k**2/2 - 152*k. Determine x(-5).
105
Let w(g) = 2*g**2 - 55*g - 215. Let a = 4391 + -4360. Determine w(a).
2
Suppose 100*a = 127*a. Let c(z) be the first derivative of a*z**2 + z + 1/3*z**3 + 45. Determine c(-3).
10
Let x(f) = -83*f - 78. Let z(i) = 44*i + 38. Let m(h) = 8*x(h) + 15*z(h). Calculate m(-18).
18
Suppose -5*v + v + 5*d = -18, 0 = v + 4*d + 6. Let h(p) = p**v + 7 + 6*p - 10 - p**3 - 3*p + 4*p**2. Calculate h(6).
-21
Let h(b) be the first derivative of -b**4/4 - 17*b**3/3 - 19*b**2/2 - 16*b - 1780. Give h(-16).
32
Suppose 0 = 4*s + 11*s + 780. Let d = -58 - s. Let y(w) = -w**2 - 5*w - 9. Determine y(d).
-15
Let q(o) = 2*o**3 + 17*o**2 + 8*o + 20. Let a = -4780 + 4772. Calculate q(a).
20
Let f(c) = c**3 - 17*c**2 - 38*c + 1. Let o be 7 + (1 - 4) - -40. Suppose 4*s = b + 72, 6 = 2*s + 3*b - o. Let d be f(s). Let y(w) = 5*w**2 + w - 1. Give y(d).
5
Let i(o) = 5*o**2 - 15*o + 9. Let n(f) = -12*f**2 + 30*f - 29. Let j(c) = -5*i(c) - 2*n(c). Give j(16).
-3
Let w(f) = -39*f. Let j = 2604 + -2604. Calculate w(j).
0
Let r = -5 + 8. Suppose -r*q - 2*d + 23 = -6*d, 3 = q + d. Suppose -2*x - q*c - 2 = 1, 2*x + 4*c + 2 = 0. Let m(h) = -2*h**3 - 2*h**2 + h. Determine m(x).
-3
Suppose 21 = -u + 5*f, -u - 9 = 3*u - 5*f. Let h(a) = -a + 1. Let l(r) = 3*r - 37. Let y be l(12). Let m(x) = 3*x + 3. Let d(v) = u*h(v) + y*m(v). What is d(2)?
-13
Let n(w) = 5*w**3 + w**2 - 1. Let k(z) be the second derivative of z**5/20 + 3*z**4/2 + 3*z**3 + 8*z**2 - z + 77. Let h be k(-17). Give n(h).
-5
Let l(q) = 25 + 56*q + 2*q**2 - 332*q - q**3 + 2*q**2 + 274*q + 0*q**2. Give l(7).
-136
Let x(b) = -4*b**3 + 40*b**2 - 6*b - 2. Let u(n) = -n**3 + 11*n**2 - n. Let l(d) = 3*u(d) - x(d). Give l(7).
23
Let j(h) = -132*h + 528. Let d be j(4). Let b(n) = n**2 + n + 4. Determine b(d).
4
Let y(l) = -l - 16. Let j = -190 + 192. Suppose -4*k + 13*s = 10*s + 19, 41 = -5*k - j*s. Give y(k).
-9
Let h(f) be the second derivative of -11*f**3/6 + 33*f**2 - 3*f - 861. Calculate h(9).
-33
Suppose -3*v = -5*k - 4 + 70, 0 = -5*k - 4*v + 87. Let w(f) = k + 92*f - 91*f - 4. Calculate w(-5).
6
Let i(k) be the third derivative of -2*k**2 - 1/60*k**5 + 7/3*k**3 + 1/3*k**4 + 0*k - 78. Determine i(11).
-19
Let m(q) = -13*q**2 + 26*q - 4. Let l(d) = -3*d**2 + 6*d - 1. Let s(g) = -9*l(g) + 2*m(g). Let o = -27 + 29. Let x be o/(-1)*(-1 - 0). Calculate s(x).
1
Let d(t) = -36 + 10*t + 1110*t**2 + 15*t - 2*t - 2216*t**2 + 1105*t**2. Determine d(19).
40
Let i(c) be the first derivative of -c**4/4 - 8*c**3/3 - 4*c**2 - 8*c - 3. Let o be 106*((-2)/6)/((-4)/6). Let l = o + -60. What is i(l)?
-1
Let o(x) = -3*x**2 - 10*x - 8. Let s(a) = -a**3 - 4*a**2 + 21*a + 43. Let w be s(4). Give o(w).
-1
Let w(v) = -v + 5. Suppose 0 = -2*s - 18*i + 21*i + 767, 4*s - 1561 = -3*i. Suppose 0 = -13*p - s + 362. Give w(p).
7
Let n(z) = 13*z**2 - 7*z + 9. Let d(b) = -3*b**2 + 2*b - 2. Let g(u) = -4*d(u) - n(u). Give g(-11).
-111
Let d(u) be the third derivative of -72*u**2 + 1/2*u**3 + 0 + 1/24*u**4 + 0*u. What is d(2)?
5
Let k(n) = -103 + 79 - 147 - 4 - 8*n - 2*n. Determine k(-18).
5
Let d(j) be the second derivative of -j**6/120 - 7*j**5/60 - j**4/4 + 7*j**3/6 - 62*j**2 - 122*j. Let f(o) be the first derivative of d(o). Give f(-5).
-13
Suppose -31*u + 4*u - 78 = 12*u. Let i(j) = j**2 - 2*j - 4. Give i(u).
4
Suppose -4*y + 5*d + 157 = 0, -y - 4*d - 152 = -5*y. Let r(a) = 16 + 34*a + 8 - y*a - 20. Suppose -11 + 4 = u. What is r(u)?
-3
Let t(z) = -2*z**2 + 18*z - 41. Suppose 18*c - 19*c = 72*c - 438. Give t(c).
-5
Let a be 48/12 - (-1)/1 - 3. Let f(m) = 461*m - 2 + 5 + 0 - 464*m. What is f(a)?
-3
Let j = 167 - 164. Let f(b) = -2*b**2 + 2*b + 8. Let o(d) = 3*d**2 - 2*d - 14. Let w(g) = j*o(g) + 5*f(g). What is w(5)?
-7
Suppose 16*j - 9*j = 56. Suppose -4*g + 2*r + 52 = 0, g - j = -3*r - 2. Let w(q) = 12*q**2 + 2 - g - 8*q + 14*q**2 - 27*q**2. Calculate w(-8).
-10
Let b(y) = -30*y + 10 - 271 - 6*y + 3. Give b(-7).
-6
Suppose 19*j - 4*j = 105. Let z(l) = -9*l + 6. Let h(i) = -25*i + 17. Let y(b) = 4*h(b) - 11*z(b). Calculate y(j).
-5
Let m(k) = -20*k**2 + 86*k - 15. Let w be m(4). Let z(i) = -i**3 + 8*i**2 + 5*i + 1. Determine z(w).
-35
Let p(i) = i**2 + 5*i - 3. Let w(f) = 11*f + 77. Let x be w(-8). Suppose 4*r - 6 = 14. Let j = r + x. Determine p(j).
3
Let o(v) = 7*v**2 - 7*v - 20. Let d(n) = n**2 + n - 1. Suppose 0 = 8*t + 6*t + 14. Let x(a) = t*o(a) + 6*d(a). What is x(14)?
0
Suppose -51*u + 39*u = 228. Let z(r) = -9*r - 177. Determine z(u).
-6
Let b(j) = 2*j**2 + j - 6. Suppose 0 = -2*n + 221*i - 216*i + 4, n - 3*i - 3 = 0. Determine b(n).
9
Let v(b) = b**3 - 12*b**2 - 7*b - 64. Let g be v(13). Let f(c) be the first derivative of c**4/4 - 5*c**3 + 7*c**2 + 9*c - 77. Give f(g).
9
Let j(s) = s**3 - 7*s**2 - 8*s + 9. Let g = 933 - 925. Determine j(g).
9
Let d be (-7 - 105/(-14))*0 - 10. Let s(w) = -2*w + 11. Let g(o) = o - 5. Let i(v) = -9*g(v) - 4*s(v). Determine i(d).
11
Let l(q) be the first derivative of -q**2/2 + 8*q - 868. Suppose -3*j - 18 + 0 = 0. Let x(h) = -h**3 - 7*h**2 - 7*h. Let w be x(j). What is l(w)?
2
Suppose 30*m - 29*m = 5. Let o(s) = -9*s**2 - 10*s + 6. Let g(n) = 5*n**2 + 5*n - 3. Let y(a) = -11*g(a) - 6*o(a). What is y(m)?
-3
Suppose -15 - 30 = -5*d + 5*s, -20 = 4*s. Let l(a) = -a + 0*a - d*a. Let k be (-1)/(1/(-5)) + 103/(8034/(-234)). Give l(k).
-10
Let t(i) be the first derivative of -10*i**3/3 - 37*i**2/2 + i - 2260. Calculate t(-3).
22
Let p(m) be the second derivative of 1/12*m**4 - 5/2*m**2 + 0 + 5/3*m**3 + 106*m. Give p(-8).
-21
Let d(z) = -174 - 4*z**2 + 12*z + 137 + z**2 + 4*z**2. Give d(3).
8
Suppose -3*j = -5*j - 10. Let z(v) = -v**2 - 7*v - 8. Let b be z(j). Let k(l) = l**3 + 0*l**3 - 2*l**b + 5*l**2 - 1 + l**2. Calculate k(-4)